
-24410422
1d82c (base 16) to base 13
43032
Convert 9487b (base 12) to base 3.
100220012012
a050794 (base 11) to base 4
1003313031011
Convert 10101100010001100110 (base 2) to base 7.
5666153
What is -6505c (base 14) in base 10?
-244298
What is 125247 (base 8) in base 2?
1010101010100111
Convert 5268855 (base 11) to base 3.
122110102222120
Convert -3754027 (base 9) to base 15.
-2a56c7
Convert 1116611 (base 7) to base 4.
201333101
Convert -3414321 (base 5) to base 10.
-60586
Convert 375445 (base 8) to base 3.
20121002111
Convert 9d54 (base 16) to base 12.
1b384
100010111001100010100100 (base 2) to base 7
140522150
-3d68d5 (base 16) to base 2
-1111010110100011010101
-743184 (base 11) to base 14
-22da11
623884 (base 10) to base 13
18ac81
Convert -76753 (base 15) to base 6.
-12022010
Convert 414011220 (base 5) to base 15.
239d0a
12106540 (base 7) to base 15
164604
-212121221221201 (base 3) to base 13
-27a8694
What is 120112021 (base 3) in base 7?
45001
What is -3046405 (base 7) in base 12?
-15714a
What is -118437 (base 9) in base 3?
-10122111021
-23134522 (base 6) to base 9
-1305405
Convert -37c815 (base 14) to base 8.
-7237743
Convert 5577426 (base 9) to base 15.
3e5053
-105254 (base 10) to base 13
-38ba6
What is -23099b (base 14) in base 6?
-41322113
29081 (base 12) to base 3
2220100121
20200211000 (base 3) to base 2
100000001011100110
21cbb4 (base 14) to base 2
100011000100101111010
What is -1721392 (base 10) in base 14?
-32b488
What is -154858 (base 9) in base 10?
-95471
-116862 (base 9) to base 6
-1303132
Convert -110000204 (base 5) to base 9.
-784063
What is -2241154 (base 7) in base 3?
-112011122101
What is -578885 (base 9) in base 14?
-90a1b
What is 1ba8032 (base 14) in base 12?
4780090
Convert 2474573 (base 10) to base 4.
21130021031
-11430122 (base 5) to base 12
-52716
What is -461283 (base 10) in base 15?
-91a23
What is -1b9baa3 (base 12) in base 3?
-102011021212220
What is 21104311 (base 5) in base 8?
526735
Convert 41229 (base 14) to base 8.
462245
Convert -4fdba5 (base 16) to base 8.
-23755645
146420 (base 10) to base 9
242758
-52239 (base 10) to base 4
-30300033
-1301302 (base 4) to base 8
-16162
-4821325 (base 9) to base 6
-131553505
What is -56021324 (base 7) in base 8?
-22327367
-13223000 (base 4) to base 3
-1121002212
What is -6625a28 (base 11) in base 15?
-104bb84
-209754 (base 12) to base 16
-7d8f0
What is -1012120033 (base 4) in base 5?
-33211041
325532035 (base 6) to base 11
3353162
What is 1434255 (base 7) in base 12?
94046
ca1b4 (base 16) to base 4
3022012310
Convert 20211210221 (base 3) to base 10.
134728
What is -1000001011100010111111 (base 2) in base 11?
-1235178
-293840 (base 12) to base 2
-10101000100111110000
What is -10214220 (base 5) in base 10?
-85560
Convert -db167 (base 15) to base 10.
-695572
Convert -155258 (base 12) to base 3.
-200100220012
Convert -15515721 (base 9) to base 3.
-112120112210201
74a435 (base 13) to base 3
12011000001210
323230300 (base 4) to base 14
65184
Convert 1676920 (base 12) to base 2.
10001101011110010101000
11042a5 (base 11) to base 14
386537
Convert -84654 (base 11) to base 2.
-11110000101100101
Convert -2101102211 (base 4) to base 3.
-1010020100002
Convert -48bc7 (base 13) to base 10.
-133842
What is 12b05 (base 14) in base 5?
2433230
-2020202112 (base 3) to base 11
-30308
49905 (base 15) to base 4
321112121
-10024420433 (base 5) to base 14
-1483963
What is -22a5e9 (base 15) in base 7?
-20032230
What is 10100110101110011101 (base 2) in base 6?
22345341
1100000010111011 (base 2) to base 6
1020231
What is -113023021 (base 4) in base 14?
-26841
What is -9c2086 (base 16) in base 15?
-d71a47
What is -111010000101010000 (base 2) in base 8?
-720520
Convert -4188476 (base 9) to base 6.
-120030410
Convert 1c609 (base 15) to base 8.
264504
Convert -3977867 (base 11) to base 12.
-23778a3
What is -a26686 (base 12) in base 3?
-11210002202210
What is -159670 (base 12) in base 6?
-11524220
b926e (base 16) to base 13
207261
Convert 15226266 (base 7) to base 14.
29b436
Convert -444224500 (base 6) to base 4.
-132223313310
Convert e0e4 (base 16) to base 14.
16da4
Convert 2782837 (base 11) to base 6.
250405501
Convert 151841 (base 14) to base 4.
2303101001
19828 (base 14) to base 11
44693
Convert 4054ed (base 15) to base 4.
23221332022
What is -232210323033 (base 4) in base 12?
-4109a93
-71154 (base 8) to base 10
-29292
Convert -46ecb (base 15) to base 13.
-7bba8
Convert 336da (base 15) to base 12.
7a797
Convert -cdabee (base 16) to base 12.
-4620352
-206527 (base 8) to base 11
-47893
270736 (base 10) to base 3
111202101021
What is -10100221021 (base 3) in base 9?
-110837
-22534352 (base 6) to base 16
-aa27c
173285 (base 10) to base 12
84345
Convert -232258 (base 9) to base 8.
-420276
Convert -13577 (base 12) to base 4.
-12201223
What is 621735 (base 9) in base 6?
11523052
-111000110010000001 (base 2) to base 11
-149814
Convert -267879 (base 10) to base 4.
-1001121213
Convert 83218 (base 9) to base 12.
278b2
Convert 1000113333 (base 4) to base 8.
1002777
Convert -9eac5 (base 15) to base 8.
-1732736
45a268 (base 11) to base 15
e690a
73a62 (base 13) to base 11
132543
What is -33077254 (base 8) in base 2?
-11011000111111010101100
1354ac (base 14) to base 15
d2ca3
22403442 (base 6) to base 3
1021210210022
-3434043022 (base 5) to base 11
-43a4420
What is 1c6caa (base 13) in base 12?
2b2113
Convert 135346 (base 11) to base 10.
212042
What is 40313654 (base 7) in base 14?
632364
6b93d (base 14) to base 11
16a246
53a56a (base 11) to base 5
210110134
142225 (base 10) to base 7
1131436
-5551125 (base 6) to base 5
-32411114
-7552b (base 12) to base 14
-40471
-201112210102 (base 3) to base 11
-243093
What is 3706375 (base 8) in base 11?
636765
Convert 122522501 (base 6) to base 10.
2374885
What is 1001010111110010010 (base 2) in base 6?
10325414
What is -212201210012 (base 3) in base 2?
-1110010000010111100
Convert -31628 (base 14) to base 2.
-11101000110100100
Convert -26267465 (base 8) to base 15.
-7ab99d
1413015 (base 7) to base 14
4c8b5
-10001100111001000 (base 2) to base 9
-118851
9028332 (base 10) to base 13
1b41511
Convert 4157951 (base 10) to base 13.
b27735
1102222212010 (base 3) to base 2
10111011011000101100
Convert -30434 (base 10) to base 12.
-15742
What is -323020031 (base 4) in base 14?
-64393
-5111216 (base 7) to base 8
-2243243
Convert -10110110101010111100 (base 2) to base 4.
-2312222330
Convert 1034230 (base 6) to base 7.
303066
-4051251 (base 6) to base 3
-100211022211
What is -321220143 (base 5) in base 15?
-1ba5b8
What is 11103234 (base 5) in base 7?
553505
-11000001101000010110 (base 2) to base 15
-109ee0
Convert 81853 (base 11) to base 10.
119485
-3012333013 (base 4) to base 3
-1112102000221
-2a5ca (base 15) to base 7
-1105264
33552010 (base 8) to base 9
14600256
Convert -67905 (base 16) to base 13.
-11b107
Convert -202020201000 (base 3) to base 11.
-252486
3008a7 (base 14) to base 13
447242
What is 8707d (base 15) in base 3?
210210010101
What is 146314223 (base 7) in base 3?
200110212101012
Convert 20380a5 (base 11) to base 9.
6683234
Convert 1141210143 (base 5) to base 6.
133225502
What is 1a9667a (base 12) in base 6?
321324234
3c0417 (base 14) to base 6
112251421
500a3 (base 14) to base 12
932a7
Convert -192162 (base 10) to base 5.
-22122122
What is 37d4a (base 15) in base 11?
112119
What is -330757 (base 9) in base 10?
-197449
What is 2844607 (base 10) in base 16?
2b67bf
What is -208a8 (base 11) in base 15?
-8ee8
-515263 (base 9) to base 14
-7d578
ce20 (base 15) to base 13
16b60
14265 (base 11) to base 3
1000211001
-9dadb (base 16) to base 9
-1183842
What is 1662352 (base 8) in base 4?
1312103222
Convert -13623015 (base 7) to base 5.
-312030200
What is -10100101110111111011110 (base 2) in base 14?
-a16b5c
Convert 2222220200012 (base 3) to base 2.
110000100110100110011
Convert 6a5387 (base 14) to base 11.
2056a08
Convert 121400323 (base 5) to base 10.
575088
Convert 41466 (base 16) to base 7.
2162331
What is 2657 (base 9) in base 4?
133030
What is -104114 (base 8) in base 13?
-12b60
What is 438788 (base 10) in base 2?
1101011001000000100
What is 157763 (base 12) in base 11?
22a827
Convert 440512 (base 8) to base 16.
2414a
Convert 1004030 (base 8) to base 3.
111102102210
Convert -1094